 Let v = 5 + z. Calculate the greatest common factor of v and 3.
3
Suppose -3*p + 7 = 1. Suppose s - 2*f - 20 = 5, -5*s = -p*f - 165. Suppose -38 = -3*a + 4. What is the greatest common divisor of a and s?
7
Suppose -6*r = -3*r + 5*d, 2*d = 4*r. Suppose -2*p - 2*z = -2 - 22, -3*z = r. What is the greatest common factor of p and 12?
12
Let k be (5/(-10))/((-3)/36). Suppose -c + 4 = -1, l - 3*c = k. Calculate the greatest common factor of 3 and l.
3
Let t = -92 + 257. What is the greatest common divisor of 15 and t?
15
Suppose j + 3 = -r + 8, -4*j + 2 = -5*r. Let a be (j/(-2))/((-24)/880). What is the greatest common divisor of 5 and a?
5
Let l be (-486)/(-117) + (-4)/26 - -20. Calculate the highest common divisor of l and 16.
8
Let n(f) be the second derivative of -7*f**3/2 + f**2 + 2*f. Let k be n(-2). Calculate the highest common factor of 4 and k.
4
Suppose 0 = -s + 5 + 5. Let y be 2/(-5) - (-1204)/s. Calculate the highest common divisor of y and 48.
24
Suppose 0 = -p + 3, -p + 18 = -3*t + 609. Let b = -78 + 100. What is the greatest common factor of t and b?
22
Suppose -616 = -11*d - 0*d. Calculate the highest common factor of d and 14.
14
Let z(d) = d - 9. Let f be z(18). What is the greatest common divisor of f and 36?
9
Let l be 1/3 + (-80)/(-12). Suppose -5*j - 101 = -3*m, 4*j - 79 - 25 = -2*m. Suppose p = 3*p - m. What is the highest common factor of p and l?
7
Suppose -66 = -4*q + 2*q. What is the highest common divisor of q and 11?
11
Suppose 2*g + 18 = 3*g + 3*q, -5*g - 3*q + 90 = 0. Suppose -8 + 2 = -n. Calculate the highest common factor of n and g.
6
Suppose -3*n = 2*c - 42, 3*n - n - 26 = -2*c. Let a be 2 + (-1 - 0) + 127. Calculate the highest common factor of n and a.
16
Let z(t) = -t + 1. Let o be z(-3). Let u be (-15)/(-25) - o/(-10). Let n be -1 + (8*u - 1). Calculate the highest common factor of n and 15.
3
Let s(h) = h**2 - 2*h - 2. Let m be s(7). Suppose 2*o - 2*d - 80 = 0, 3*o - 2*d = -0*d + 125. Let p = o + -23. What is the greatest common divisor of p and m?
11
Let g(p) = -48*p + 1. Let j = 3 - 1. Suppose 2*b = 2*t + t + 5, -2*b + 4 = -j*t. Let i be g(t). What is the highest common divisor of 7 and i?
7
Let r be ((-4)/(-1))/(-1) - -59. What is the highest common divisor of r and 11?
11
Let h be 34/6 + (-2)/3. Suppose 5*a - 8 = 2. Suppose 3*q = 3*k, -5*k + 2*q + a + 1 = 0. What is the greatest common divisor of k and h?
1
Suppose -4*g + 9*g - 182 = -4*v, -v - 99 = -3*g. What is the highest common divisor of g and 68?
34
Let b be -5 + (0 + -3 - -66). What is the greatest common divisor of 29 and b?
29
Suppose 4*k - 2*k - 30 = 4*w, -w = -3*k + 30. What is the highest common divisor of 18 and k?
9
Suppose 5*o - 5*f - 17 = -f, -4*o - 2*f = -24. Suppose -25 = -o*h + 20. What is the highest common factor of h and 36?
9
Let k(v) = v**2 - v - 1. Let l be k(-4). Let o be 0/(-1) + 57*(-12)/(-9). Calculate the greatest common divisor of l and o.
19
Let f be ((-540)/16)/((-1)/4). What is the highest common factor of f and 27?
27
Suppose 4*v + 0*v + 5*s - 31 = 0, -2*v + 20 = -2*s. Let x(m) = m**2 - 6*m - 10. Let f be x(v). Calculate the greatest common divisor of 68 and f.
17
Let w = 12 + -9. Let h be 294/w + 2 - 4. What is the highest common factor of 32 and h?
32
Suppose 7*n - 4*n = 12. Let f(m) = 42*m - 6. Let s be f(n). Calculate the highest common factor of 18 and s.
18
Let p be -3*(-6)/(-45)*45. Let i be 4/(-6) - 84/p. What is the highest common factor of 28 and i?
4
Suppose 0 = 7*y - 2*y + 20. Let k be (y/(-6))/(3/396). What is the highest common divisor of 8 and k?
8
Let n = 4 + -2. Suppose -n*k + 3*k = 20. Let z be (1 - (-5)/3)*60. What is the highest common divisor of k and z?
20
Let c = 84 - 60. Let v(a) = -a**2 + 16*a + 17. Let k be v(11). Calculate the greatest common factor of c and k.
24
Let a(v) = v**3 - 4*v**2 - 5*v + 3. Let c be a(5). Suppose -3*x + 60 = -3*o, 0 = -c*x - 2*o - 0*o + 65. What is the greatest common factor of 7 and x?
7
Let q = 10 - -24. What is the greatest common divisor of 51 and q?
17
Let w = -2 - -4. Let y be 2*(-1)/w*-5. Let n(z) = 3*z**3 - 5*z**2 + 4*z - 3. Let r be n(3). What is the greatest common factor of r and y?
5
Suppose 0 = -g + 2 + 2. What is the greatest common factor of g and 28?
4
Suppose 5*w + 4*o = -0*o + 8, w + 6 = 3*o. Suppose v = -w*v + 18. Let a = -9 + 15. Calculate the greatest common factor of v and a.
6
Suppose 1 + 9 = v. Suppose 3*y = 8*y - v. Suppose -j - 1 = -y*r + 15, 2*r - 4*j - 10 = 0. What is the highest common divisor of 9 and r?
9
Suppose -2*q = 2*v - 3*q + 17, -3*q = -3. Let b be 300/16 + (-2)/v. Calculate the highest common divisor of b and 152.
19
Suppose -15 = -4*b + 45. Let s = 4 - 9. Let y = b + s. What is the highest common factor of y and 2?
2
Suppose 2*o = -o. Suppose o*p = -p + 104. Calculate the highest common divisor of 13 and p.
13
Let n(x) = x**3 + 5*x**2 + 4*x - 1. Let o be n(-3). Suppose 0*k + o*k = -3*w + 20, -20 = -w + 5*k. Calculate the highest common divisor of w and 70.
10
Let w(j) = -j**3 + 11*j**2 + 16. Let x be w(11). Suppose -y = 2*k - 40, 3*k - 41 = -2*y + 39. What is the highest common divisor of x and y?
8
Let n = 17 + -17. Suppose n = -4*a + 74 - 18. Calculate the greatest common factor of 2 and a.
2
Let c = -2 + 11. Let k be 48 - (2 + 1 + 0). Calculate the highest common divisor of k and c.
9
Let q(n) = -5*n - 1. Let p be q(-5). Suppose -4*b + 18 = -b. Calculate the greatest common factor of b and p.
6
Let i be 2*(-2)/(-4) - -1. Suppose 0*k - 56 = -i*k. Calculate the greatest common factor of k and 70.
14
Let k be 404/20 - (-3)/(-15). Let d = k - 17. What is the greatest common divisor of d and 24?
3
Let n = 279 + -274. Let h be (-1)/2 + (-11)/(-2). What is the highest common factor of n and h?
5
Suppose c - 56 = 3*x + 207, 5*c - x = 1371. What is the highest common divisor of 25 and c?
25
Let v(h) = 38*h + 1. Let z be v(10). Suppose 3*q + 324 = 3*n, 5*n + 4*q = 132 + z. What is the greatest common divisor of n and 21?
21
Let y = 92 + -48. Let n = y + -30. What is the greatest common factor of 28 and n?
14
Suppose 4*m + 22 = x, -2*m = -2*x + 3*m + 35. Suppose 13*d - 11*d - 118 = -4*t, -4*t - d = -119. What is the greatest common divisor of x and t?
10
Let n(z) be the third derivative of z**6/120 + 11*z**5/60 - 3*z**4/8 + 6*z**2. Let w be n(-11). Calculate the greatest common divisor of w and 33.
33
Suppose 3*w = 50 - 14. Calculate the greatest common factor of w and 84.
12
Let m = -21 - -39. Let g be 2/3 - (-401)/(-3). Let t be g/(-5) + (-4)/(-10). Calculate the highest common divisor of m and t.
9
Let h(l) = -l**3 - 3*l**2 - l - 1. Let c be h(-4). Calculate the greatest common factor of 76 and c.
19
Suppose -3*i - 2*i + 10 = 0. Let z be i/(-10) - (-102)/10. Calculate the highest common factor of 90 and z.
10
Suppose -491 - 13 = -2*o. Calculate the highest common divisor of o and 28.
28
Let o be (-3)/4 + (-105)/20. Let u be o/4*(-20)/3. Calculate the highest common factor of u and 80.
10
Suppose 5*p = -5*z + 215, 119 = -0*p + 3*p + 5*z. Let a be (2/(-8))/((-4)/p). Let s = 9 - 3. What is the highest common divisor of a and s?
3
Let u = -29 + 53. Calculate the greatest common divisor of 60 and u.
12
Let z be (9 + -1)/(10/15). Suppose -6 = -3*d + 5*x - 0*x, d - 4*x = 2. Let o = d + 58. What is the greatest common divisor of z and o?
12
Let o be -1 + -16 + -3 - 0. Let s = o + 28. Calculate the highest common divisor of 24 and s.
8
Suppose -7*r - 3*w = -3*r - 5, -3*r + 4 = 2*w. What is the greatest common factor of 16 and r?
2
Let x(q) = -q**2 + q + 121. Let f be x(0). Suppose -f = -v - 0*v. What is the highest common divisor of v and 11?
11
Let p = -38 - -26. Let b be (9/(-4))/(p/320). Let t(a) = 2*a**2 - 3*a + 4. Let q be t(4). Calculate the greatest common divisor of b and q.
12
Let o(h) = 3*h**2 - 2*h + 24. Let r be o(0). Let t be (2/(-3))/((-1)/3). Let x be t - (-5)/((-5)/(-6)). Calculate the highest common divisor of x and r.
8
Suppose -i - 3*i = 0, -3*d - 3*i + 84 = 0. What is the greatest common factor of d and 21?
7
Let r(o) = -17*o - 1. Let n be r(-1). Let x(i) = -i**3 + 25*i**2 + 56*i - 14. Let a be x(27). Calculate the greatest common divisor of a and n.
8
Suppose -2*r - 50 = -4*q, 0*q - 65 = -4*q - 3*r. What is the great